y 66.
10
What is the remainder when 9509 is divided by 64?
37
What is the remainder when 132299 is divided by 71?
26
Calculate the remainder when 299 is divided by 6.
5
Calculate the remainder when 246882 is divided by 15.
12
What is the remainder when 13351 is divided by 131?
120
Calculate the remainder when 192013 is divided by 544.
525
What is the remainder when 1523 is divided by 709?
105
What is the remainder when 1855 is divided by 164?
51
Calculate the remainder when 7385 is divided by 2764.
1857
What is the remainder when 25115 is divided by 14?
13
What is the remainder when 10467 is divided by 73?
28
Calculate the remainder when 193859 is divided by 275.
259
Calculate the remainder when 254029 is divided by 3.
1
Calculate the remainder when 10827 is divided by 142.
35
What is the remainder when 10358 is divided by 28?
26
What is the remainder when 28449 is divided by 3154?
63
Calculate the remainder when 615 is divided by 151.
11
What is the remainder when 213159 is divided by 863?
861
What is the remainder when 46956 is divided by 116?
92
Calculate the remainder when 25150 is divided by 449.
6
What is the remainder when 1155785 is divided by 443?
441
What is the remainder when 125172 is divided by 106?
92
What is the remainder when 2071 is divided by 556?
403
Calculate the remainder when 648863 is divided by 288.
287
Calculate the remainder when 32944 is divided by 57.
55
What is the remainder when 4923 is divided by 701?
16
Calculate the remainder when 126673 is divided by 1173.
1162
Calculate the remainder when 43889 is divided by 10.
9
What is the remainder when 7988 is divided by 3990?
8
Calculate the remainder when 280895 is divided by 32.
31
Calculate the remainder when 12999 is divided by 1180.
19
What is the remainder when 861 is divided by 359?
143
What is the remainder when 2063518 is divided by 96?
94
What is the remainder when 135357 is divided by 23?
2
Calculate the remainder when 8608 is divided by 4303.
2
What is the remainder when 2265 is divided by 272?
89
What is the remainder when 263868 is divided by 55?
33
Calculate the remainder when 1983 is divided by 811.
361
Calculate the remainder when 35176 is divided by 5847.
94
What is the remainder when 297192 is divided by 4307?
9
Calculate the remainder when 1285 is divided by 405.
70
Calculate the remainder when 1370 is divided by 113.
14
What is the remainder when 13246 is divided by 1196?
90
What is the remainder when 20979 is divided by 10?
9
Calculate the remainder when 3569 is divided by 143.
137
What is the remainder when 775768 is divided by 387874?
20
Calculate the remainder when 24830 is divided by 17.
10
Calculate the remainder when 234088 is divided by 46809.
43
Calculate the remainder when 2091 is divided by 23.
21
Calculate the remainder when 4275 is divided by 2010.
255
What is the remainder when 1916 is divided by 101?
98
Calculate the remainder when 101358 is divided by 448.
110
Calculate the remainder when 1365 is divided by 436.
57
What is the remainder when 528261 is divided by 186?
21
What is the remainder when 22903 is divided by 15?
13
What is the remainder when 25560 is divided by 2835?
45
What is the remainder when 6942 is divided by 114?
102
What is the remainder when 19687 is divided by 1787?
30
Calculate the remainder when 20521 is divided by 1464.
25
Calculate the remainder when 10193 is divided by 157.
145
What is the remainder when 5281791 is divided by 512?
511
Calculate the remainder when 1823299 is divided by 919.
3
Calculate the remainder when 285591 is divided by 8.
7
Calculate the remainder when 3835 is divided by 403.
208
What is the remainder when 1031 is divided by 59?
28
What is the remainder when 3075 is divided by 280?
275
What is the remainder when 333 is divided by 238?
95
Calculate the remainder when 1369 is divided by 2.
1
What is the remainder when 3298 is divided by 972?
382
Calculate the remainder when 1974 is divided by 126.
84
What is the remainder when 84395 is divided by 27?
20
What is the remainder when 1076 is divided by 134?
4
What is the remainder when 3039 is divided by 447?
357
What is the remainder when 401565 is divided by 12?
9
Calculate the remainder when 1395 is divided by 54.
45
Calculate the remainder when 769 is divided by 285.
199
Calculate the remainder when 6754101 is divided by 324.
321
Calculate the remainder when 24626 is divided by 87.
5
What is the remainder when 1108 is divided by 138?
4
Calculate the remainder when 658809 is divided by 308.
305
Calculate the remainder when 141411 is divided by 44.
39
Calculate the remainder when 4601 is divided by 323.
79
What is the remainder when 10825 is divided by 2705?
5
What is the remainder when 2502 is divided by 182?
136
What is the remainder when 59518 is divided by 640?
638
Calculate the remainder when 5777 is divided by 64.
17
What is the remainder when 24910 is divided by 3553?
39
Calculate the remainder when 42975 is divided by 41.
7
What is the remainder when 5142 is divided by 18?
12
Calculate the remainder when 25436 is divided by 606.
590
Calculate the remainder when 6681554 is divided by 1935.
1934
What is the remainder when 7197 is divided by 1437?
12
What is the remainder when 6155 is divided by 52?
19
What is the remainder when 85380 is divided by 107?
101
What is the remainder when 25890 is divided by 648?
618
What is the remainder when 480 is divided by 105?
60
What is the remainder when 3442 is divided by 12?
10
Calculate the remainder when 5825 is divided by 1452.
17
Calculate the remainder when 153007 is divided by 1205.
1177
What is the remainder when 29406 is divided by 3664?
94
Calculate the remainder when 958315 is divided by 165.
160
What is the remainder when 1668 is divided by 95?
53
What is the remainder when 1009708 is divided by 9?
7
What is the remainder when 8924 is divided by 990?
14
What is the remainder when 32182 is divided by 72?
70
What is the remainder when 16170 is divided by 8010?
150
What is the remainder when 77174 is divided by 25705?
59
What is the remainder when 12238 is divided by 12199?
39
Calculate the remainder when 527733 is divided by 22.
19
Calculate the remainder when 220277 is divided by 727.
723
Calculate the remainder when 98375 is divided by 30.
5
Calculate the remainder when 16674 is divided by 112.
98
Calculate the remainder when 1251 is divided by 433.
385
What is the remainder when 106162 is divided by 523?
516
What is the remainder when 2418 is divided by 791?
45
What is the remainder when 6300 is divided by 15?
0
What is the remainder when 96129 is divided by 327?
318
Calculate the remainder when 18833 is divided by 194.
15
What is the remainder when 119267 is divided by 36?
35
Calculate the remainder when 82659 is divided by 35.
24
Calculate the remainder when 219169 is divided by 1010.
1009
What is the remainder when 23962 is divided by 2661?
13
What is the remainder when 211 is divided by 72?
67
Calculate the remainder when 4484 is divided by 4442.
42
Calculate the remainder when 6957 is divided by 2767.
1423
What is the remainder when 21427 is divided by 8?
3
What is the remainder when 50493 is divided by 111?
99
Calculate the remainder when 2888 is divided by 129.
50
What is the remainder when 21949 is divided by 625?
74
What is the remainder when 141476 is divided by 196?
160
Calculate the remainder when 1312624 is divided by 618.
610
Calculate the remainder when 11681 is divided by 11664.
17
What is the remainder when 1528247 is divided by 296?
295
Calculate the remainder when 434564 is divided by 1256.
1244
Calculate the remainder when 485568 is divided by 2084.
2080
What is the remainder when 31306 is divided by 1948?
138
Calculate the remainder when 473922 is divided by 157974.
0
Calculate the remainder when 10289 is divided by 43.
12
Calculate the remainder when 536546 is divided by 781.
780
Calculate the remainder when 935691 is divided by 19.
17
What is the remainder when 436 is divided by 11?
7
Calculate the remainder when 6376 is divided by 2682.
1012
What is the remainder when 1676 is divided by 555?
11
What is the remainder when 7667 is divided by 7624?
43
What is the remainder when 21588 is divided by 177?
171
Calculate the remainder when 2394299 is divided by 60.
59